{"id":108,"date":"2017-02-18T08:37:36","date_gmt":"2017-02-18T08:37:36","guid":{"rendered":"https:\/\/elex.link\/elex2017\/?page_id=108"},"modified":"2023-03-01T21:30:13","modified_gmt":"2023-03-01T21:30:13","slug":"scientific-committee","status":"publish","type":"page","link":"https:\/\/elex.link\/elex2023\/scientific-committee\/","title":{"rendered":"Scientific committee"},"content":{"rendered":"\n<style type=\"text\/css\" data-created_by=\"avia_inline_auto\" id=\"style-css-av-l0u84-17dba940cc476f44a15c94a1a69f105b\">\n.flex_column.av-l0u84-17dba940cc476f44a15c94a1a69f105b{\n-webkit-border-radius:0px 0px 0px 0px;\n-moz-border-radius:0px 0px 0px 0px;\nborder-radius:0px 0px 0px 0px;\npadding:0px 0px 0px 0px;\n}\n<\/style>\n<div class='flex_column av-l0u84-17dba940cc476f44a15c94a1a69f105b av_one_full  avia-builder-el-0  avia-builder-el-no-sibling  first flex_column_div av-zero-column-padding '     ><section  class='av_textblock_section av-g8d4c-e1ec966eeb75c07ca98692c62872bb1e'  itemscope=\"itemscope\" itemtype=\"https:\/\/schema.org\/CreativeWork\" ><div class='avia_textblock'  itemprop=\"text\" ><h2>Members of the scientific committee<\/h2>\n<p>The Scientific Committee members are independent researchers from institutions across the world who are responsible for the peer-review process.<\/p>\n<\/div><\/section><br \/>\n\n<style type=\"text\/css\" data-created_by=\"avia_inline_auto\" id=\"style-css-av-7sjmc-7d6c0544d656bd3967dc94a2af296288\">\n#top .av_textblock_section.av-7sjmc-7d6c0544d656bd3967dc94a2af296288 .avia_textblock{\nfont-size:12px;\n}\n<\/style>\n<section  class='av_textblock_section av-7sjmc-7d6c0544d656bd3967dc94a2af296288'  itemscope=\"itemscope\" itemtype=\"https:\/\/schema.org\/CreativeWork\" ><div class='avia_textblock'  itemprop=\"text\" ><p>Aleksandra Markovi\u0107 (Institute for Serbian Language, Serbia)<br \/>\nAle\u0161 Hor\u00e1k (Masaryk University, Czechia)<br \/>\nAlexander Geyken (Berlin-Brandenburg Academy of Sciences and Humanities, Germany)<br \/>\nAm\u00e1lia Mendes (Centro de Lingu\u00edstica da Universidade de Lisboa)<br \/>\nAndrea Abel (Free University of Bolzano \/ Eurac Research)<br \/>\nArvi Tavast (Institute of the Estonian Language, Estonia)<br \/>\nAnila \u00c7epani (University of Tirana, Albania)<br \/>\nAnnette Klosa-K\u00fcckelhaus (Institut f\u00fcr Deutsche Sprache, Mannheim, Germany)<br \/>\nCarole Tiberius (Dutch Language Institute, Netherlands)<br \/>\nDom\u00ednguez V\u00e1zquez Mar\u00eda Jos\u00e9 (University of Santiago de Compostela, Spain)<br \/>\nEdward Finegan (University of Southern California, USA)<br \/>\nEgon Stemle (EURAC, Bolzano, Italy)<br \/>\nEmma Sk\u00f6ldberg (Department of Swedish, Sweden)<br \/>\nHenrik Lorentzen (Society for Danish Language and Literature, Denmark)<br \/>\nHindrik Sijens (Fryske Akademy, Leeuwarden, Netherlands)<br \/>\nIlan Kernerman (K Dictionaries, Israel)<br \/>\nIztok Kosem (Centre for Language Resources and Technologies, University of Ljubljana \/ \u201cJo\u017eef Stefan\u201d Institute, Slovenia)<br \/>\nJelena Kallas (Institute of the Estonian Language, Estonia)<br \/>\nKris Heylen (KU Leuven \/ University of Leuven, Netherlands)<br \/>\nKristian Blensenius (University of Gothenburg, Sweden)<br \/>\nKristina Koppel (Institute of the Estonian Language, Estonia)<br \/>\nKristina Strkalj Despot (Institute of Croatian Language and Linguistics, Croatia)<br \/>\nLars Trap-Jensen (Society for Danish Language and Literature, Denmark)<br \/>\nLaurent Romary (INRIA &amp; HUB-ISDL, France and Germany)<br \/>\nLionel Nicolas (Laboratoire I3s &#8211; Sophia Antipolis, France)<br \/>\nLothar Lemnitzer (Universit\u00e4t T\u00fcbingen, Germany)<br \/>\nLut Colman (Dutch Language Institute, Netherlands)<br \/>\nMaarten Janssen (CELGA-ILTEC, University of Coimbra, Portugal)<br \/>\nMargit Langemets (Institute of the Estonian Language, Estonia)<br \/>\nMichal Kren (Charles University in Prague, Czech Republic)<br \/>\nMichal M\u011bchura (Masaryk University, Czech Republic)<br \/>\nMilo\u0161 Jakub\u00ed\u010dek (Lexical Computing CZ s.r.o., Czech Republic)<br \/>\nMojca Kompara Lukancic (University of Maribor, Slovenia)<br \/>\nNicolai Hartvig S\u00f8rensen (Society for Danish Language and Literature, Denmark)<br \/>\nPatrick Drouin (University of Montreal, Canada)<br \/>\nPaul Cook (University of New Brunswick, Canada)<br \/>\nPilar Le\u00f3n Ara\u00faz (University of Granada)<br \/>\nPolona Gantar (Faculty of Arts, University of Ljubljana, Slovenia)<br \/>\nRadovan Garab\u00edk (J\u00da\u013d\u0160 SAV, Slovakia)<br \/>\nRanka Stankovi\u0107 (University of Belgrade, Serbia)<br \/>\nRizki Gayatri (Kantor Bahasa Provinsi NTB, Indonesia)<br \/>\nRobert Lew (AMU Faculty of English, Poznan, Poland)<br \/>\nRobert Lew (Adam Mickiewicz University in Pozna\u0144, Poland)<br \/>\nSaid Zohairy (University of Canterbury, United Kingdom)<br \/>\nSara Moze (University of Wolverhampton, United Kingdom)<br \/>\nSimon Krek (Centre for Language Resources and Technologies, University of Ljubljana \/ \u201cJo\u017eef Stefan\u201d Institute, Slovenia)<br \/>\nStella Markantonatou (Institute for Language and Speech Processing, Greek)<br \/>\nSussi Olsen (University of Copenhagen, Denmark)<br \/>\nSvetla Koeva (Institute for Bulgarian language, Bulgaria)<br \/>\n\u0160pela Arhar Holdt (Centre for Language Resources and Technologies, University of Ljubljana, Slovenia)<br \/>\nTam\u00e1s Varadi (Research Institute for Linguistics, Hungary)<br \/>\nTanara Zingano Kuhn (CELGA-ILTEC, University of Coimbra \/ University of Lisbon, Portugal)<br \/>\nThierry Fontenelle (Translation Centre for the Bodies of the EU, Luxembourg)<br \/>\nVincent Ooi (National University of Singapore, Singapore)<br \/>\nV\u00edt Suchomel (Lexical Computing CZ s.r.o., Czech Republic)<br \/>\nVojt\u011bch\u00a0Kov\u00e1\u0159 (Lexical Computing CZ s.r.o., Czech Republic)<br \/>\nVoula Giouli (Institute for Language and Speech Processing, Greek)<br \/>\nYongwei Gao (College of Foreign Languages &amp; Literature, Taiwan)<br \/>\nYukio Tono (Tokyo University of Foreign Studies, Japan)<br \/>\nZoe Gavriilidou (Democritus University of Thrace, Greek)<\/p>\n<\/div><\/section><\/p><\/div>\n","protected":false},"excerpt":{"rendered":"","protected":false},"author":1,"featured_media":0,"parent":0,"menu_order":0,"comment_status":"closed","ping_status":"closed","template":"","meta":{"footnotes":""},"class_list":["post-108","page","type-page","status-publish","hentry"],"yoast_head":"<!-- This site is optimized with the Yoast SEO plugin v27.4 - https:\/\/yoast.com\/product\/yoast-seo-wordpress\/ -->\n<title>Scientific committee - eLex 2023<\/title>\n<meta name=\"robots\" content=\"index, follow, max-snippet:-1, max-image-preview:large, max-video-preview:-1\" \/>\n<link rel=\"canonical\" href=\"https:\/\/elex.link\/elex2023\/scientific-committee\/\" \/>\n<meta property=\"og:locale\" content=\"en_US\" \/>\n<meta property=\"og:type\" content=\"article\" \/>\n<meta property=\"og:title\" content=\"Scientific committee - eLex 2023\" \/>\n<meta property=\"og:url\" content=\"https:\/\/elex.link\/elex2023\/scientific-committee\/\" \/>\n<meta property=\"og:site_name\" content=\"eLex 2023\" \/>\n<meta property=\"article:publisher\" content=\"https:\/\/www.facebook.com\/elexconference\/\" \/>\n<meta property=\"article:modified_time\" content=\"2023-03-01T21:30:13+00:00\" \/>\n<meta name=\"twitter:card\" content=\"summary_large_image\" \/>\n<meta name=\"twitter:site\" content=\"@elex_conference\" \/>\n<meta name=\"twitter:label1\" content=\"Est. reading time\" \/>\n\t<meta name=\"twitter:data1\" content=\"3 minutes\" \/>\n<script type=\"application\/ld+json\" class=\"yoast-schema-graph\">{\"@context\":\"https:\\\/\\\/schema.org\",\"@graph\":[{\"@type\":\"WebPage\",\"@id\":\"https:\\\/\\\/elex.link\\\/elex2023\\\/scientific-committee\\\/\",\"url\":\"https:\\\/\\\/elex.link\\\/elex2023\\\/scientific-committee\\\/\",\"name\":\"Scientific committee - eLex 2023\",\"isPartOf\":{\"@id\":\"https:\\\/\\\/elex.link\\\/elex2023\\\/#website\"},\"datePublished\":\"2017-02-18T08:37:36+00:00\",\"dateModified\":\"2023-03-01T21:30:13+00:00\",\"breadcrumb\":{\"@id\":\"https:\\\/\\\/elex.link\\\/elex2023\\\/scientific-committee\\\/#breadcrumb\"},\"inLanguage\":\"en-US\",\"potentialAction\":[{\"@type\":\"ReadAction\",\"target\":[\"https:\\\/\\\/elex.link\\\/elex2023\\\/scientific-committee\\\/\"]}]},{\"@type\":\"BreadcrumbList\",\"@id\":\"https:\\\/\\\/elex.link\\\/elex2023\\\/scientific-committee\\\/#breadcrumb\",\"itemListElement\":[{\"@type\":\"ListItem\",\"position\":1,\"name\":\"Home\",\"item\":\"https:\\\/\\\/elex.link\\\/elex2023\\\/\"},{\"@type\":\"ListItem\",\"position\":2,\"name\":\"Scientific committee\"}]},{\"@type\":\"WebSite\",\"@id\":\"https:\\\/\\\/elex.link\\\/elex2023\\\/#website\",\"url\":\"https:\\\/\\\/elex.link\\\/elex2023\\\/\",\"name\":\"eLex 2023\",\"description\":\"electronic lexicography in the 21st century\",\"publisher\":{\"@id\":\"https:\\\/\\\/elex.link\\\/elex2023\\\/#organization\"},\"potentialAction\":[{\"@type\":\"SearchAction\",\"target\":{\"@type\":\"EntryPoint\",\"urlTemplate\":\"https:\\\/\\\/elex.link\\\/elex2023\\\/?s={search_term_string}\"},\"query-input\":{\"@type\":\"PropertyValueSpecification\",\"valueRequired\":true,\"valueName\":\"search_term_string\"}}],\"inLanguage\":\"en-US\"},{\"@type\":\"Organization\",\"@id\":\"https:\\\/\\\/elex.link\\\/elex2023\\\/#organization\",\"name\":\"electronic lexicography in the 21st century\",\"url\":\"https:\\\/\\\/elex.link\\\/elex2023\\\/\",\"logo\":{\"@type\":\"ImageObject\",\"inLanguage\":\"en-US\",\"@id\":\"https:\\\/\\\/elex.link\\\/elex2023\\\/#\\\/schema\\\/logo\\\/image\\\/\",\"url\":\"https:\\\/\\\/elex.link\\\/elex2023\\\/wp-content\\\/uploads\\\/eLex_2023_logo340x303.png\",\"contentUrl\":\"https:\\\/\\\/elex.link\\\/elex2023\\\/wp-content\\\/uploads\\\/eLex_2023_logo340x303.png\",\"width\":340,\"height\":290,\"caption\":\"electronic lexicography in the 21st century\"},\"image\":{\"@id\":\"https:\\\/\\\/elex.link\\\/elex2023\\\/#\\\/schema\\\/logo\\\/image\\\/\"},\"sameAs\":[\"https:\\\/\\\/www.facebook.com\\\/elexconference\\\/\",\"https:\\\/\\\/x.com\\\/elex_conference\"]}]}<\/script>\n<!-- \/ Yoast SEO plugin. -->","yoast_head_json":{"title":"Scientific committee - eLex 2023","robots":{"index":"index","follow":"follow","max-snippet":"max-snippet:-1","max-image-preview":"max-image-preview:large","max-video-preview":"max-video-preview:-1"},"canonical":"https:\/\/elex.link\/elex2023\/scientific-committee\/","og_locale":"en_US","og_type":"article","og_title":"Scientific committee - eLex 2023","og_url":"https:\/\/elex.link\/elex2023\/scientific-committee\/","og_site_name":"eLex 2023","article_publisher":"https:\/\/www.facebook.com\/elexconference\/","article_modified_time":"2023-03-01T21:30:13+00:00","twitter_card":"summary_large_image","twitter_site":"@elex_conference","twitter_misc":{"Est. reading time":"3 minutes"},"schema":{"@context":"https:\/\/schema.org","@graph":[{"@type":"WebPage","@id":"https:\/\/elex.link\/elex2023\/scientific-committee\/","url":"https:\/\/elex.link\/elex2023\/scientific-committee\/","name":"Scientific committee - eLex 2023","isPartOf":{"@id":"https:\/\/elex.link\/elex2023\/#website"},"datePublished":"2017-02-18T08:37:36+00:00","dateModified":"2023-03-01T21:30:13+00:00","breadcrumb":{"@id":"https:\/\/elex.link\/elex2023\/scientific-committee\/#breadcrumb"},"inLanguage":"en-US","potentialAction":[{"@type":"ReadAction","target":["https:\/\/elex.link\/elex2023\/scientific-committee\/"]}]},{"@type":"BreadcrumbList","@id":"https:\/\/elex.link\/elex2023\/scientific-committee\/#breadcrumb","itemListElement":[{"@type":"ListItem","position":1,"name":"Home","item":"https:\/\/elex.link\/elex2023\/"},{"@type":"ListItem","position":2,"name":"Scientific committee"}]},{"@type":"WebSite","@id":"https:\/\/elex.link\/elex2023\/#website","url":"https:\/\/elex.link\/elex2023\/","name":"eLex 2023","description":"electronic lexicography in the 21st century","publisher":{"@id":"https:\/\/elex.link\/elex2023\/#organization"},"potentialAction":[{"@type":"SearchAction","target":{"@type":"EntryPoint","urlTemplate":"https:\/\/elex.link\/elex2023\/?s={search_term_string}"},"query-input":{"@type":"PropertyValueSpecification","valueRequired":true,"valueName":"search_term_string"}}],"inLanguage":"en-US"},{"@type":"Organization","@id":"https:\/\/elex.link\/elex2023\/#organization","name":"electronic lexicography in the 21st century","url":"https:\/\/elex.link\/elex2023\/","logo":{"@type":"ImageObject","inLanguage":"en-US","@id":"https:\/\/elex.link\/elex2023\/#\/schema\/logo\/image\/","url":"https:\/\/elex.link\/elex2023\/wp-content\/uploads\/eLex_2023_logo340x303.png","contentUrl":"https:\/\/elex.link\/elex2023\/wp-content\/uploads\/eLex_2023_logo340x303.png","width":340,"height":290,"caption":"electronic lexicography in the 21st century"},"image":{"@id":"https:\/\/elex.link\/elex2023\/#\/schema\/logo\/image\/"},"sameAs":["https:\/\/www.facebook.com\/elexconference\/","https:\/\/x.com\/elex_conference"]}]}},"_links":{"self":[{"href":"https:\/\/elex.link\/elex2023\/wp-json\/wp\/v2\/pages\/108","targetHints":{"allow":["GET"]}}],"collection":[{"href":"https:\/\/elex.link\/elex2023\/wp-json\/wp\/v2\/pages"}],"about":[{"href":"https:\/\/elex.link\/elex2023\/wp-json\/wp\/v2\/types\/page"}],"author":[{"embeddable":true,"href":"https:\/\/elex.link\/elex2023\/wp-json\/wp\/v2\/users\/1"}],"replies":[{"embeddable":true,"href":"https:\/\/elex.link\/elex2023\/wp-json\/wp\/v2\/comments?post=108"}],"version-history":[{"count":12,"href":"https:\/\/elex.link\/elex2023\/wp-json\/wp\/v2\/pages\/108\/revisions"}],"predecessor-version":[{"id":2633,"href":"https:\/\/elex.link\/elex2023\/wp-json\/wp\/v2\/pages\/108\/revisions\/2633"}],"wp:attachment":[{"href":"https:\/\/elex.link\/elex2023\/wp-json\/wp\/v2\/media?parent=108"}],"curies":[{"name":"wp","href":"https:\/\/api.w.org\/{rel}","templated":true}]}}