{"id":1768,"date":"2025-11-16T06:47:23","date_gmt":"2025-11-16T04:47:23","guid":{"rendered":"https:\/\/elex.link\/elex2019\/?page_id=1768"},"modified":"2025-11-17T19:19:07","modified_gmt":"2025-11-17T17:19:07","slug":"impressum","status":"publish","type":"page","link":"https:\/\/elex.link\/elex2025\/impressum\/","title":{"rendered":"Impressum"},"content":{"rendered":"\n<style type=\"text\/css\" data-created_by=\"avia_inline_auto\" id=\"style-css-av-2wdyuw-2d6e6efc8ad28368362bd25a6b8de1c5\">\n.flex_column.av-2wdyuw-2d6e6efc8ad28368362bd25a6b8de1c5{\n-webkit-border-radius:0px 0px 0px 0px;\n-moz-border-radius:0px 0px 0px 0px;\nborder-radius:0px 0px 0px 0px;\npadding:0px 0px 0px 0px;\n}\n<\/style>\n<div class='flex_column av-2wdyuw-2d6e6efc8ad28368362bd25a6b8de1c5 av_one_full  avia-builder-el-0  avia-builder-el-no-sibling  first flex_column_div av-zero-column-padding '     ><section  class='av_textblock_section av-k18wrslb-2e31d2a465f051e6ae64a631ae587f09'  itemscope=\"itemscope\" itemtype=\"https:\/\/schema.org\/CreativeWork\" ><div class='avia_textblock'  itemprop=\"text\" ><h3><strong>Electronic lexicography in the 21st century.<\/strong><br \/>\n<strong>Proceedings of the eLex 2025 conference.<br \/>\nIntelligent Lexicography.<\/strong><\/h3>\n<p><strong>published by<\/strong> Lexical Computing CZ s.r.o., Brno, Czech Republic<\/p>\n<p><strong>edited by<\/strong> Iztok Kosem, Milo\u0161 Jakub\u00ed\u010dek, Medve\u010f, Marek, Karolina Zgaga, \u0160pela Arhar Holdt, Tina Munda, Ana Salgado<\/p>\n<p><strong>licence<\/strong><\/p>\n<p><a href=\"https:\/\/creativecommons.org\/licenses\/by-sa\/4.0\/\">Creative Commons Attribution-ShareAlike 4.0 International License<\/a><\/p>\n<p>Bled, Slovenia, 18\u201320 November 2025<br \/>\nISSN 2533-5626<\/p>\n<\/div><\/section><\/div>\n","protected":false},"excerpt":{"rendered":"","protected":false},"author":105,"featured_media":0,"parent":0,"menu_order":0,"comment_status":"closed","ping_status":"closed","template":"","meta":{"footnotes":""},"class_list":["post-1768","page","type-page","status-publish","hentry"],"yoast_head":"<!-- This site is optimized with the Yoast SEO plugin v27.3 - https:\/\/yoast.com\/product\/yoast-seo-wordpress\/ -->\n<title>Impressum - eLex 2025<\/title>\n<meta name=\"robots\" content=\"index, follow, max-snippet:-1, max-image-preview:large, max-video-preview:-1\" \/>\n<link rel=\"canonical\" href=\"https:\/\/elex.link\/elex2025\/impressum\/\" \/>\n<meta property=\"og:locale\" content=\"en_US\" \/>\n<meta property=\"og:type\" content=\"article\" \/>\n<meta property=\"og:title\" content=\"Impressum - eLex 2025\" \/>\n<meta property=\"og:url\" content=\"https:\/\/elex.link\/elex2025\/impressum\/\" \/>\n<meta property=\"og:site_name\" content=\"eLex 2025\" \/>\n<meta property=\"article:publisher\" content=\"https:\/\/www.facebook.com\/elexconference\/\" \/>\n<meta property=\"article:modified_time\" content=\"2025-11-17T17:19:07+00:00\" \/>\n<meta name=\"twitter:card\" content=\"summary_large_image\" \/>\n<meta name=\"twitter:site\" content=\"@elex_conference\" \/>\n<meta name=\"twitter:label1\" content=\"Est. reading time\" \/>\n\t<meta name=\"twitter:data1\" content=\"1 minute\" \/>\n<script type=\"application\/ld+json\" class=\"yoast-schema-graph\">{\"@context\":\"https:\\\/\\\/schema.org\",\"@graph\":[{\"@type\":\"WebPage\",\"@id\":\"https:\\\/\\\/elex.link\\\/elex2025\\\/impressum\\\/\",\"url\":\"https:\\\/\\\/elex.link\\\/elex2025\\\/impressum\\\/\",\"name\":\"Impressum - eLex 2025\",\"isPartOf\":{\"@id\":\"https:\\\/\\\/elex.link\\\/elex2025\\\/#website\"},\"datePublished\":\"2025-11-16T04:47:23+00:00\",\"dateModified\":\"2025-11-17T17:19:07+00:00\",\"breadcrumb\":{\"@id\":\"https:\\\/\\\/elex.link\\\/elex2025\\\/impressum\\\/#breadcrumb\"},\"inLanguage\":\"en-US\",\"potentialAction\":[{\"@type\":\"ReadAction\",\"target\":[\"https:\\\/\\\/elex.link\\\/elex2025\\\/impressum\\\/\"]}]},{\"@type\":\"BreadcrumbList\",\"@id\":\"https:\\\/\\\/elex.link\\\/elex2025\\\/impressum\\\/#breadcrumb\",\"itemListElement\":[{\"@type\":\"ListItem\",\"position\":1,\"name\":\"Home\",\"item\":\"https:\\\/\\\/elex.link\\\/elex2025\\\/\"},{\"@type\":\"ListItem\",\"position\":2,\"name\":\"Impressum\"}]},{\"@type\":\"WebSite\",\"@id\":\"https:\\\/\\\/elex.link\\\/elex2025\\\/#website\",\"url\":\"https:\\\/\\\/elex.link\\\/elex2025\\\/\",\"name\":\"eLex 2025\",\"description\":\"electronic lexicography in the 21st century\",\"publisher\":{\"@id\":\"https:\\\/\\\/elex.link\\\/elex2025\\\/#organization\"},\"alternateName\":\"conference on electronic lexicography eLex 2025\",\"potentialAction\":[{\"@type\":\"SearchAction\",\"target\":{\"@type\":\"EntryPoint\",\"urlTemplate\":\"https:\\\/\\\/elex.link\\\/elex2025\\\/?s={search_term_string}\"},\"query-input\":{\"@type\":\"PropertyValueSpecification\",\"valueRequired\":true,\"valueName\":\"search_term_string\"}}],\"inLanguage\":\"en-US\"},{\"@type\":\"Organization\",\"@id\":\"https:\\\/\\\/elex.link\\\/elex2025\\\/#organization\",\"name\":\"eLex 2025\",\"alternateName\":\"electronic lexicography in the 21st century\",\"url\":\"https:\\\/\\\/elex.link\\\/elex2025\\\/\",\"logo\":{\"@type\":\"ImageObject\",\"inLanguage\":\"en-US\",\"@id\":\"https:\\\/\\\/elex.link\\\/elex2025\\\/#\\\/schema\\\/logo\\\/image\\\/\",\"url\":\"https:\\\/\\\/elex.link\\\/elex2025\\\/wp-content\\\/uploads\\\/eLex_2025-logo-red-on-white.jpg\",\"contentUrl\":\"https:\\\/\\\/elex.link\\\/elex2025\\\/wp-content\\\/uploads\\\/eLex_2025-logo-red-on-white.jpg\",\"width\":417,\"height\":354,\"caption\":\"eLex 2025\"},\"image\":{\"@id\":\"https:\\\/\\\/elex.link\\\/elex2025\\\/#\\\/schema\\\/logo\\\/image\\\/\"},\"sameAs\":[\"https:\\\/\\\/www.facebook.com\\\/elexconference\\\/\",\"https:\\\/\\\/x.com\\\/elex_conference\"]}]}<\/script>\n<!-- \/ Yoast SEO plugin. -->","yoast_head_json":{"title":"Impressum - eLex 2025","robots":{"index":"index","follow":"follow","max-snippet":"max-snippet:-1","max-image-preview":"max-image-preview:large","max-video-preview":"max-video-preview:-1"},"canonical":"https:\/\/elex.link\/elex2025\/impressum\/","og_locale":"en_US","og_type":"article","og_title":"Impressum - eLex 2025","og_url":"https:\/\/elex.link\/elex2025\/impressum\/","og_site_name":"eLex 2025","article_publisher":"https:\/\/www.facebook.com\/elexconference\/","article_modified_time":"2025-11-17T17:19:07+00:00","twitter_card":"summary_large_image","twitter_site":"@elex_conference","twitter_misc":{"Est. reading time":"1 minute"},"schema":{"@context":"https:\/\/schema.org","@graph":[{"@type":"WebPage","@id":"https:\/\/elex.link\/elex2025\/impressum\/","url":"https:\/\/elex.link\/elex2025\/impressum\/","name":"Impressum - eLex 2025","isPartOf":{"@id":"https:\/\/elex.link\/elex2025\/#website"},"datePublished":"2025-11-16T04:47:23+00:00","dateModified":"2025-11-17T17:19:07+00:00","breadcrumb":{"@id":"https:\/\/elex.link\/elex2025\/impressum\/#breadcrumb"},"inLanguage":"en-US","potentialAction":[{"@type":"ReadAction","target":["https:\/\/elex.link\/elex2025\/impressum\/"]}]},{"@type":"BreadcrumbList","@id":"https:\/\/elex.link\/elex2025\/impressum\/#breadcrumb","itemListElement":[{"@type":"ListItem","position":1,"name":"Home","item":"https:\/\/elex.link\/elex2025\/"},{"@type":"ListItem","position":2,"name":"Impressum"}]},{"@type":"WebSite","@id":"https:\/\/elex.link\/elex2025\/#website","url":"https:\/\/elex.link\/elex2025\/","name":"eLex 2025","description":"electronic lexicography in the 21st century","publisher":{"@id":"https:\/\/elex.link\/elex2025\/#organization"},"alternateName":"conference on electronic lexicography eLex 2025","potentialAction":[{"@type":"SearchAction","target":{"@type":"EntryPoint","urlTemplate":"https:\/\/elex.link\/elex2025\/?s={search_term_string}"},"query-input":{"@type":"PropertyValueSpecification","valueRequired":true,"valueName":"search_term_string"}}],"inLanguage":"en-US"},{"@type":"Organization","@id":"https:\/\/elex.link\/elex2025\/#organization","name":"eLex 2025","alternateName":"electronic lexicography in the 21st century","url":"https:\/\/elex.link\/elex2025\/","logo":{"@type":"ImageObject","inLanguage":"en-US","@id":"https:\/\/elex.link\/elex2025\/#\/schema\/logo\/image\/","url":"https:\/\/elex.link\/elex2025\/wp-content\/uploads\/eLex_2025-logo-red-on-white.jpg","contentUrl":"https:\/\/elex.link\/elex2025\/wp-content\/uploads\/eLex_2025-logo-red-on-white.jpg","width":417,"height":354,"caption":"eLex 2025"},"image":{"@id":"https:\/\/elex.link\/elex2025\/#\/schema\/logo\/image\/"},"sameAs":["https:\/\/www.facebook.com\/elexconference\/","https:\/\/x.com\/elex_conference"]}]}},"_links":{"self":[{"href":"https:\/\/elex.link\/elex2025\/wp-json\/wp\/v2\/pages\/1768","targetHints":{"allow":["GET"]}}],"collection":[{"href":"https:\/\/elex.link\/elex2025\/wp-json\/wp\/v2\/pages"}],"about":[{"href":"https:\/\/elex.link\/elex2025\/wp-json\/wp\/v2\/types\/page"}],"author":[{"embeddable":true,"href":"https:\/\/elex.link\/elex2025\/wp-json\/wp\/v2\/users\/105"}],"replies":[{"embeddable":true,"href":"https:\/\/elex.link\/elex2025\/wp-json\/wp\/v2\/comments?post=1768"}],"version-history":[{"count":7,"href":"https:\/\/elex.link\/elex2025\/wp-json\/wp\/v2\/pages\/1768\/revisions"}],"predecessor-version":[{"id":4235,"href":"https:\/\/elex.link\/elex2025\/wp-json\/wp\/v2\/pages\/1768\/revisions\/4235"}],"wp:attachment":[{"href":"https:\/\/elex.link\/elex2025\/wp-json\/wp\/v2\/media?parent=1768"}],"curies":[{"name":"wp","href":"https:\/\/api.w.org\/{rel}","templated":true}]}}