{"id":3857,"date":"2025-03-14T12:17:02","date_gmt":"2025-03-14T10:17:02","guid":{"rendered":"https:\/\/elex.link\/elex2025\/?page_id=3857"},"modified":"2026-02-26T11:44:46","modified_gmt":"2026-02-26T09:44:46","slug":"classla-express-2-0-workshop","status":"publish","type":"page","link":"https:\/\/elex.link\/elex2025\/classla-express-2-0-workshop\/","title":{"rendered":"CLASSLA-express 2.0 workshop"},"content":{"rendered":"<div class='flex_column av-3gp3wx-30b889bc06a8aed4fed65cda711e0228 av_four_fifth  avia-builder-el-0  el_before_av_four_fifth  avia-builder-el-first  first flex_column_div '     ><section  class='av_textblock_section av-m88ll5nf-ee8d21fa5370c2eb9c203c49f9eba81b'  itemscope=\"itemscope\" itemtype=\"https:\/\/schema.org\/CreativeWork\" ><div class='avia_textblock'  itemprop=\"text\" ><h3>Corpora vs. LLMS: a hands-on workshop on using CLASSLA and AI tools for phraseology and lexicography in South Slavic languages<\/h3>\n<\/div><\/section><\/div>\n<div class='flex_column av-wskxu9-e0bac5bef7d69e7ca405a5ec5ac133c2 av_four_fifth  avia-builder-el-2  el_after_av_four_fifth  el_before_av_four_fifth  first flex_column_div '     ><p><section  class='av_textblock_section av-m88m70e1-b9150a4b4507c26662d415ecb269b6ee'  itemscope=\"itemscope\" itemtype=\"https:\/\/schema.org\/CreativeWork\" ><div class='avia_textblock'  itemprop=\"text\" ><p><strong>Organizers:<\/strong><\/p>\n<ul>\n<li>Slobodan Beliga<\/li>\n<li>Ivana Filipovi\u0107 Petrovi\u0107<\/li>\n<li>Apolonija Gantar<\/li>\n<li>Taja Kuzman<\/li>\n<li>Nikola Ljube\u0161i\u0107<\/li>\n<li>Petya Osenova<\/li>\n<li>Jelena Parizoska<\/li>\n<\/ul>\n<\/div><\/section><br \/>\n<section  class='av_textblock_section av-m88mbqsw-2baa90531cd4456e805f7b7bf1b62956'  itemscope=\"itemscope\" itemtype=\"https:\/\/schema.org\/CreativeWork\" ><div class='avia_textblock'  itemprop=\"text\" ><p><strong>Date: <\/strong>17 November 2025 (day before the eLex 2025 conference)<\/p>\n<p><strong>Length:<\/strong> half-day (14.00-19.00)<\/p>\n<p><strong>Format:<\/strong> introductory talks followed by guided practical exercises for workshop participants<\/p>\n<p><strong>Audience size:<\/strong> 35 participants<\/p>\n<p>No fees were charged. Registration was possible together with the eLex conference registration.<\/p>\n<\/div><\/section><\/p><\/div>\n<style type=\"text\/css\" data-created_by=\"avia_inline_auto\" id=\"style-css-av-u8gr4h-9d811abca16e32f316bac3697107afe1\">\n.flex_column.av-u8gr4h-9d811abca16e32f316bac3697107afe1{\npadding:10px 0 0 0;\n}\n<\/style>\n<div class='flex_column av-u8gr4h-9d811abca16e32f316bac3697107afe1 av_four_fifth  avia-builder-el-5  el_after_av_four_fifth  el_before_av_four_fifth  first flex_column_div '     ><section  class='av_textblock_section av-m88md2rk-235b54036dd13765826ab7dbd44a0548'  itemscope=\"itemscope\" itemtype=\"https:\/\/schema.org\/CreativeWork\" ><div class='avia_textblock'  itemprop=\"text\" ><h5><b>Agenda<\/b><\/h5>\n<\/div><\/section><br \/>\n<section  class='av_textblock_section av-m88mr9fo-aab55cd81dc8a7511d9a88511822d94c'  itemscope=\"itemscope\" itemtype=\"https:\/\/schema.org\/CreativeWork\" ><div class='avia_textblock'  itemprop=\"text\" ><p><strong>Part I: Opening and introductory talks (14:00-15:30) <\/strong><\/p>\n<\/div><\/section><br \/>\n<section  class='av_textblock_section av-m88mexl7-1f34e0cd51f8b690e72e25396334bc0e'  itemscope=\"itemscope\" itemtype=\"https:\/\/schema.org\/CreativeWork\" ><div class='avia_textblock'  itemprop=\"text\" ><table>\n<tbody>\n<tr>\n<td width=\"100\">14:00&#8211;14:15<\/td>\n<td width=\"466\">Opening<\/td>\n<\/tr>\n<tr>\n<td width=\"100\">14:15-14:40<\/td>\n<td width=\"466\">Slobodan Beliga: Large language models and generative artificial intelligence: introduction<\/td>\n<\/tr>\n<tr>\n<td width=\"100\">14:40&#8211;15:05<\/td>\n<td width=\"466\">Apolonija Gantar: Some examples of using AI tools in Slovenian lexicography<\/td>\n<\/tr>\n<tr>\n<td width=\"100\">15:05-15:30<\/td>\n<td width=\"466\">Ivana Filipovi\u0107 Petrovi\u0107: Applying ChatGPT to Croatian phraseology and related lexicographic tasks<\/td>\n<\/tr>\n<tr>\n<td width=\"100\">15:30&#8211;16:00<\/td>\n<td width=\"466\">Coffee break<\/td>\n<\/tr>\n<\/tbody>\n<\/table>\n<\/div><\/section><\/p><\/div><\/p>\n<div class='flex_column av-2pmqr5-ced7b978833b932ba32ce92f8d216860 av_four_fifth  avia-builder-el-9  el_after_av_four_fifth  el_before_av_one_half  first flex_column_div '     ><p><section  class='av_textblock_section av-m88mrlw2-3fa75dad096e9588c8ed7f2d2dd0a8c7'  itemscope=\"itemscope\" itemtype=\"https:\/\/schema.org\/CreativeWork\" ><div class='avia_textblock'  itemprop=\"text\" ><p><strong>Part II: hands-on exercises (16:00-19:00) <\/strong><\/p>\n<\/div><\/section><br \/>\n<section  class='av_textblock_section av-m88mvgjc-ca2832e4b1aff03a63b316a80861acea'  itemscope=\"itemscope\" itemtype=\"https:\/\/schema.org\/CreativeWork\" ><div class='avia_textblock'  itemprop=\"text\" ><table>\n<tbody>\n<tr>\n<td width=\"100\">16:00&#8211;17:00<\/td>\n<td width=\"466\">Corpora and AI-driven interfaces: Extracting linguistic data<\/td>\n<\/tr>\n<tr>\n<td width=\"100\">17:00&#8211;18:00<\/td>\n<td width=\"466\">Corpora and AI-driven interfaces: Creating definitions and providing usage examples of phraseological units for dictionaries<\/td>\n<\/tr>\n<tr>\n<td width=\"100\">18:00&#8211;19:00<\/td>\n<td width=\"466\">Corpora and AI-driven interfaces: Distinguishing literal and figurative uses of phraseological units<\/td>\n<\/tr>\n<\/tbody>\n<\/table>\n<\/div><\/section><\/p><\/div>\n<div class='flex_column av-qyjurl-f6f58932c4a9c69aa9807711801f8963 av_one_half  avia-builder-el-12  el_after_av_four_fifth  el_before_av_four_fifth  first flex_column_div '     ><\/div>\n<div class='flex_column av-2k5rpd-98fb5a610d66f7a4870fbcbc8c580ae9 av_four_fifth  avia-builder-el-13  el_after_av_one_half  el_before_av_one_full  first flex_column_div column-top-margin'     ><section  class='av_textblock_section av-2ylqu9-be23595ee3f010a9cd44b33dc145af70'  itemscope=\"itemscope\" itemtype=\"https:\/\/schema.org\/CreativeWork\" ><div class='avia_textblock'  itemprop=\"text\" ><h5><b>Rationale<\/b><\/h5>\n<\/div><\/section><br \/>\n<section  class='av_textblock_section av-m88mcqya-68a966ba1a6d776d8893930eca2ebb6c'  itemscope=\"itemscope\" itemtype=\"https:\/\/schema.org\/CreativeWork\" ><div class='avia_textblock'  itemprop=\"text\" ><p>After the initial strong reactions from the broader community, including linguists, to the release of ChatGPT as an easily accessible chat interface, several studies have been conducted to examine how this AI tool performs in lexicography-related tasks (De Schryver 2023; Rundell 2023; Jakubicek and Rundell 2023; Fuertes-Olivera 2024; Lew 2024). These studies primarily focus on its success rates in executing linguistic tasks, its applicability in applied fields such as lexicography, and insights gained from prompt engineering to optimise results. Lexicographers have long relied on corpus data, valuing its reliability and the transparency of sources that provide insights into actual language use. However, corpus search tools have become increasingly sophisticated, enabling greater automation in lexicographic work by generating high-quality dictionary examples, identifying typical collocations, extracting lemma lists, and much more. These tools also ensure direct interlinking between lexicographic resources and corpora. This situation highlights a persistent problem with digital technologies: the under-representation of low-resource languages. AI tools, as anticipated, are less effective with these languages. This challenge also impacts South Slavic languages, though some have recently made progress toward mid-resource classification. A major step forward in this regard was the release of the CLASSLA web corpora for South Slavic languages in 2024 (Ljube\u0161i\u0107 and Kuzman, 2024). In addition, AI tools have also been used in studies on South Slavic languages (Filipovi\u0107 Petrovi\u0107 and Beliga 2024; Gantar 2024; Gapsa et al. 2024; Kosem et al. 2024). In 2024, CLARIN Slovenia organised seven workshops across five countries (Ljube\u0161i\u0107 et al. 2024), with the main goal of sharing knowledge using corpus querying tools. Based on insights into which linguistic and lexicographic tasks corpora handle effectively and which still require manual human work, we have chosen to launch a new series of workshops that will combine these strengths with AI tools. The aim is to test the capabilities of corpora and LLMs in performing various tasks relevant to lexicographers and linguists. The linguistic data to be examined includes phraseological units, i.e., multi-word expressions, in South Slavic languages. In doing so, we aim to contribute to two potentially challenging topics: examining how language technologies perform on low and middle-resource languages such as South Slavic languages and exploring how far they have advanced in handling the ever-challenging multi-word expressions and the ambiguity they carry. This workshop, associated with the eLex conference, will specifically focus on tasks and discussions related to the dictionary-making process. The searches will be conducted on CLASSLA corpora using the NoSketch Engine concordancer and AI-driven interfaces such as ChatGPT 3.5 or Gemini. Each participant will work with tools in their chosen language (one of the CLASSLA languages: Slovenian, Croatian, Serbian, Macedonian, or Bulgarian). Participants will indicate which South Slavic language they want to work with when registering for the workshop. They will be divided into groups based on their language preference, each completing exercises and tracking results in their selected language. This workshop aims to establish a methodologically sound approach to integrating two major tool sets, corpora and LLMs, in language research and lexicography.<\/p>\n<\/div><\/section><\/p><\/div>\n<div class='flex_column av-2v9af5-d51e9272e745311f78386b85e767e352 av_one_full  avia-builder-el-16  el_after_av_four_fifth  avia-builder-el-last  first flex_column_div '     ><section  class='av_textblock_section av-m88n1q8q-cd140b9a4e29c1be73047dcc8269b921'  itemscope=\"itemscope\" itemtype=\"https:\/\/schema.org\/CreativeWork\" ><div class='avia_textblock'  itemprop=\"text\" ><h5><b>References<\/b><\/h5>\n<\/div><\/section><br \/>\n<section  class='av_textblock_section av-m88n09zu-c23e5a386d4568fab587b97fdb5949e5'  itemscope=\"itemscope\" itemtype=\"https:\/\/schema.org\/CreativeWork\" ><div class='avia_textblock'  itemprop=\"text\" ><p>Beliga, Slobodan and Filipovi\u0107 Petrovi\u0107, Ivana. 2024. Large Language Models Supporting Lexicography: Conceptual Organization of Croatian Idioms. In Proceedings of the Conference on Language Technologies and Digital Humanities, edited by Spela Arhar Holdt and Tomaz Erjavec, 23-46. Ljubljana: Institute of Contemporary History.<\/p>\n<p>De Schryver, Gilles-Maurice. 2023. Generative AI and Lexicography: The Current State of the Art Using ChatGPT. International Journal of Lexicography, 3 6 ( 4 ), 3 5 5-3 87.<\/p>\n<p>Fuertes-Olivera, Pedro. 2024. Making Lexicography Sustainable: Using ChatGPT and Reusing Data for Lexicographic Purposes. Lexikos, 34, 123-140.<\/p>\n<p>Gantar, Apolonija. 2024. Formulisanje recnickih definicija pomocu vestacke inteligencije na primeru slovenackih frazeoloskihjedinica. In Leksikografski susreti, edited by Sasa Marjanovic, 151-158. Beograd: Filoloski fakultet.<\/p>\n<p>Gapsa, Magdalena, Arhar Holdt, \u0160pela, and Kosem, Iztok. 2024. Kako dober je chat GPT pri umescanju sopomenk pod pomene. In Konjerenca Jezikovne tehnologije in digitalna humanistika, edited by Spela Arhar Holdt and Tomaz Erjavec, 144-162. Ljubljana: Institut za novejso zgodovino.<\/p>\n<p>Jakubi\u010dek, Milo\u0161, and Rundell, Michael. 2023. The End of Lexicography? Can ChatGPT Outperform Current Tools for Post-Editing Lexicography? In Proceedings of the eLex 2023 Conference: Electronic Lexicography in the 21st Century, edited by Marek Medved&#8217; et al., 508-523. Brno: Lexical Computing.<\/p>\n<p>Kosem, Iztok, et al. 2024. Examining the Potential of AI in the Annotation of Corpus Examples for Language Leaming. 15th International Corpus Linguistics Conference, 93-95. Las Palmas de Gran Canaria, Spain, 22-24 May 2024. [Book of abstracts].<\/p>\n<p>Lew, Robert. 2024. Dictionaries and Lexicography in the AI Era. Humanities and Social Sciences Communications, 11,426.<\/p>\n<p>Ljube\u0161i\u0107, Nikola, and Kuzman, Taja. 2024. CLASSLA-web: Comparable Web Corpora of South Slavic Languages Enriched with Linguistic and Genre Annotation. In Proceedings of the 2024 Joint International Coriference on Computational Linguistics, Language Resources and Evaluation (LREC-COLING 2024), 3271-3282.<\/p>\n<p>Ljube\u0161i\u0107, Nikola, Kuzman, Taja, Filipovi\u0107 Petrovi\u0107, Ivana, Parizoska, Jelena, and Osenova, Petya. 2024. CLASSLA-Express: A Train of CLARIN.SI Workshops on Language Resources and Tools with Easily Expanding Route. In CLARIN Annual Conference Proceedings 2024, edited by Vincent Vandeghinste and Thalassia Kontino, 31-3 5. Barcelona: CLARIN.<\/p>\n<p>Rundell, Michael. 2023. Automating the Creation of Dictionaries: Are We Nearly There? In Proceedings of the 16th International Conference of the Asian Association for Lexicography: &#8216;Lexicography, Artificial Intelligence, and Dictionary Users&#8217;, 1-9. Seoul: Yonsei University.<\/p>\n<\/div><\/section><\/p><\/div>\n","protected":false},"excerpt":{"rendered":"","protected":false},"author":106,"featured_media":0,"parent":0,"menu_order":0,"comment_status":"closed","ping_status":"closed","template":"","meta":{"footnotes":""},"class_list":["post-3857","page","type-page","status-publish","hentry"],"yoast_head":"<!-- This site is optimized with the Yoast SEO plugin v27.3 - https:\/\/yoast.com\/product\/yoast-seo-wordpress\/ -->\n<title>CLASSLA-express 2.0 workshop - eLex 2025<\/title>\n<meta name=\"robots\" content=\"index, follow, max-snippet:-1, max-image-preview:large, max-video-preview:-1\" \/>\n<link rel=\"canonical\" href=\"https:\/\/elex.link\/elex2025\/classla-express-2-0-workshop\/\" \/>\n<meta property=\"og:locale\" content=\"en_US\" \/>\n<meta property=\"og:type\" content=\"article\" \/>\n<meta property=\"og:title\" content=\"CLASSLA-express 2.0 workshop - eLex 2025\" \/>\n<meta property=\"og:url\" content=\"https:\/\/elex.link\/elex2025\/classla-express-2-0-workshop\/\" \/>\n<meta property=\"og:site_name\" content=\"eLex 2025\" \/>\n<meta property=\"article:publisher\" content=\"https:\/\/www.facebook.com\/elexconference\/\" \/>\n<meta property=\"article:modified_time\" content=\"2026-02-26T09:44:46+00:00\" \/>\n<meta name=\"twitter:card\" content=\"summary_large_image\" \/>\n<meta name=\"twitter:site\" content=\"@elex_conference\" \/>\n<meta name=\"twitter:label1\" content=\"Est. reading time\" \/>\n\t<meta name=\"twitter:data1\" content=\"5 minutes\" \/>\n<script type=\"application\/ld+json\" class=\"yoast-schema-graph\">{\"@context\":\"https:\\\/\\\/schema.org\",\"@graph\":[{\"@type\":\"WebPage\",\"@id\":\"https:\\\/\\\/elex.link\\\/elex2025\\\/classla-express-2-0-workshop\\\/\",\"url\":\"https:\\\/\\\/elex.link\\\/elex2025\\\/classla-express-2-0-workshop\\\/\",\"name\":\"CLASSLA-express 2.0 workshop - eLex 2025\",\"isPartOf\":{\"@id\":\"https:\\\/\\\/elex.link\\\/elex2025\\\/#website\"},\"datePublished\":\"2025-03-14T10:17:02+00:00\",\"dateModified\":\"2026-02-26T09:44:46+00:00\",\"breadcrumb\":{\"@id\":\"https:\\\/\\\/elex.link\\\/elex2025\\\/classla-express-2-0-workshop\\\/#breadcrumb\"},\"inLanguage\":\"en-US\",\"potentialAction\":[{\"@type\":\"ReadAction\",\"target\":[\"https:\\\/\\\/elex.link\\\/elex2025\\\/classla-express-2-0-workshop\\\/\"]}]},{\"@type\":\"BreadcrumbList\",\"@id\":\"https:\\\/\\\/elex.link\\\/elex2025\\\/classla-express-2-0-workshop\\\/#breadcrumb\",\"itemListElement\":[{\"@type\":\"ListItem\",\"position\":1,\"name\":\"Home\",\"item\":\"https:\\\/\\\/elex.link\\\/elex2025\\\/\"},{\"@type\":\"ListItem\",\"position\":2,\"name\":\"CLASSLA-express 2.0 workshop\"}]},{\"@type\":\"WebSite\",\"@id\":\"https:\\\/\\\/elex.link\\\/elex2025\\\/#website\",\"url\":\"https:\\\/\\\/elex.link\\\/elex2025\\\/\",\"name\":\"eLex 2025\",\"description\":\"electronic lexicography in the 21st century\",\"publisher\":{\"@id\":\"https:\\\/\\\/elex.link\\\/elex2025\\\/#organization\"},\"alternateName\":\"conference on electronic lexicography eLex 2025\",\"potentialAction\":[{\"@type\":\"SearchAction\",\"target\":{\"@type\":\"EntryPoint\",\"urlTemplate\":\"https:\\\/\\\/elex.link\\\/elex2025\\\/?s={search_term_string}\"},\"query-input\":{\"@type\":\"PropertyValueSpecification\",\"valueRequired\":true,\"valueName\":\"search_term_string\"}}],\"inLanguage\":\"en-US\"},{\"@type\":\"Organization\",\"@id\":\"https:\\\/\\\/elex.link\\\/elex2025\\\/#organization\",\"name\":\"eLex 2025\",\"alternateName\":\"electronic lexicography in the 21st century\",\"url\":\"https:\\\/\\\/elex.link\\\/elex2025\\\/\",\"logo\":{\"@type\":\"ImageObject\",\"inLanguage\":\"en-US\",\"@id\":\"https:\\\/\\\/elex.link\\\/elex2025\\\/#\\\/schema\\\/logo\\\/image\\\/\",\"url\":\"https:\\\/\\\/elex.link\\\/elex2025\\\/wp-content\\\/uploads\\\/eLex_2025-logo-red-on-white.jpg\",\"contentUrl\":\"https:\\\/\\\/elex.link\\\/elex2025\\\/wp-content\\\/uploads\\\/eLex_2025-logo-red-on-white.jpg\",\"width\":417,\"height\":354,\"caption\":\"eLex 2025\"},\"image\":{\"@id\":\"https:\\\/\\\/elex.link\\\/elex2025\\\/#\\\/schema\\\/logo\\\/image\\\/\"},\"sameAs\":[\"https:\\\/\\\/www.facebook.com\\\/elexconference\\\/\",\"https:\\\/\\\/x.com\\\/elex_conference\"]}]}<\/script>\n<!-- \/ Yoast SEO plugin. -->","yoast_head_json":{"title":"CLASSLA-express 2.0 workshop - eLex 2025","robots":{"index":"index","follow":"follow","max-snippet":"max-snippet:-1","max-image-preview":"max-image-preview:large","max-video-preview":"max-video-preview:-1"},"canonical":"https:\/\/elex.link\/elex2025\/classla-express-2-0-workshop\/","og_locale":"en_US","og_type":"article","og_title":"CLASSLA-express 2.0 workshop - eLex 2025","og_url":"https:\/\/elex.link\/elex2025\/classla-express-2-0-workshop\/","og_site_name":"eLex 2025","article_publisher":"https:\/\/www.facebook.com\/elexconference\/","article_modified_time":"2026-02-26T09:44:46+00:00","twitter_card":"summary_large_image","twitter_site":"@elex_conference","twitter_misc":{"Est. reading time":"5 minutes"},"schema":{"@context":"https:\/\/schema.org","@graph":[{"@type":"WebPage","@id":"https:\/\/elex.link\/elex2025\/classla-express-2-0-workshop\/","url":"https:\/\/elex.link\/elex2025\/classla-express-2-0-workshop\/","name":"CLASSLA-express 2.0 workshop - eLex 2025","isPartOf":{"@id":"https:\/\/elex.link\/elex2025\/#website"},"datePublished":"2025-03-14T10:17:02+00:00","dateModified":"2026-02-26T09:44:46+00:00","breadcrumb":{"@id":"https:\/\/elex.link\/elex2025\/classla-express-2-0-workshop\/#breadcrumb"},"inLanguage":"en-US","potentialAction":[{"@type":"ReadAction","target":["https:\/\/elex.link\/elex2025\/classla-express-2-0-workshop\/"]}]},{"@type":"BreadcrumbList","@id":"https:\/\/elex.link\/elex2025\/classla-express-2-0-workshop\/#breadcrumb","itemListElement":[{"@type":"ListItem","position":1,"name":"Home","item":"https:\/\/elex.link\/elex2025\/"},{"@type":"ListItem","position":2,"name":"CLASSLA-express 2.0 workshop"}]},{"@type":"WebSite","@id":"https:\/\/elex.link\/elex2025\/#website","url":"https:\/\/elex.link\/elex2025\/","name":"eLex 2025","description":"electronic lexicography in the 21st century","publisher":{"@id":"https:\/\/elex.link\/elex2025\/#organization"},"alternateName":"conference on electronic lexicography eLex 2025","potentialAction":[{"@type":"SearchAction","target":{"@type":"EntryPoint","urlTemplate":"https:\/\/elex.link\/elex2025\/?s={search_term_string}"},"query-input":{"@type":"PropertyValueSpecification","valueRequired":true,"valueName":"search_term_string"}}],"inLanguage":"en-US"},{"@type":"Organization","@id":"https:\/\/elex.link\/elex2025\/#organization","name":"eLex 2025","alternateName":"electronic lexicography in the 21st century","url":"https:\/\/elex.link\/elex2025\/","logo":{"@type":"ImageObject","inLanguage":"en-US","@id":"https:\/\/elex.link\/elex2025\/#\/schema\/logo\/image\/","url":"https:\/\/elex.link\/elex2025\/wp-content\/uploads\/eLex_2025-logo-red-on-white.jpg","contentUrl":"https:\/\/elex.link\/elex2025\/wp-content\/uploads\/eLex_2025-logo-red-on-white.jpg","width":417,"height":354,"caption":"eLex 2025"},"image":{"@id":"https:\/\/elex.link\/elex2025\/#\/schema\/logo\/image\/"},"sameAs":["https:\/\/www.facebook.com\/elexconference\/","https:\/\/x.com\/elex_conference"]}]}},"_links":{"self":[{"href":"https:\/\/elex.link\/elex2025\/wp-json\/wp\/v2\/pages\/3857","targetHints":{"allow":["GET"]}}],"collection":[{"href":"https:\/\/elex.link\/elex2025\/wp-json\/wp\/v2\/pages"}],"about":[{"href":"https:\/\/elex.link\/elex2025\/wp-json\/wp\/v2\/types\/page"}],"author":[{"embeddable":true,"href":"https:\/\/elex.link\/elex2025\/wp-json\/wp\/v2\/users\/106"}],"replies":[{"embeddable":true,"href":"https:\/\/elex.link\/elex2025\/wp-json\/wp\/v2\/comments?post=3857"}],"version-history":[{"count":18,"href":"https:\/\/elex.link\/elex2025\/wp-json\/wp\/v2\/pages\/3857\/revisions"}],"predecessor-version":[{"id":4307,"href":"https:\/\/elex.link\/elex2025\/wp-json\/wp\/v2\/pages\/3857\/revisions\/4307"}],"wp:attachment":[{"href":"https:\/\/elex.link\/elex2025\/wp-json\/wp\/v2\/media?parent=3857"}],"curies":[{"name":"wp","href":"https:\/\/api.w.org\/{rel}","templated":true}]}}